72.
8
Calculate the greatest common factor of 2 and 55.
1
What is the highest common divisor of 483 and 138?
69
Calculate the greatest common divisor of 12 and 7068.
12
What is the greatest common factor of 246 and 48?
6
Calculate the highest common factor of 23 and 184.
23
Calculate the highest common factor of 96 and 368.
16
What is the greatest common divisor of 110 and 4070?
110
What is the highest common divisor of 11 and 2398?
11
What is the highest common divisor of 119 and 315?
7
What is the greatest common divisor of 78 and 52?
26
Calculate the greatest common factor of 68 and 916.
4
Calculate the highest common divisor of 18 and 450.
18
Calculate the highest common divisor of 44 and 1364.
44
What is the highest common divisor of 19 and 437?
19
What is the greatest common factor of 68 and 204?
68
Calculate the highest common factor of 26 and 20865.
13
Calculate the highest common divisor of 2650 and 212.
106
Calculate the greatest common factor of 1339 and 309.
103
What is the highest common factor of 1984 and 31?
31
What is the greatest common divisor of 13 and 72527?
13
What is the greatest common divisor of 156 and 130?
26
Calculate the highest common divisor of 5759 and 13.
13
Calculate the greatest common divisor of 82 and 3198.
82
Calculate the greatest common factor of 12 and 3852.
12
Calculate the highest common divisor of 64 and 160.
32
Calculate the greatest common divisor of 1331 and 11.
11
What is the greatest common divisor of 12 and 28524?
12
Calculate the highest common divisor of 66 and 6.
6
What is the greatest common divisor of 28 and 1428?
28
Calculate the highest common factor of 8 and 548.
4
What is the greatest common factor of 656 and 41?
41
Calculate the highest common divisor of 231 and 66.
33
What is the highest common divisor of 342 and 3933?
171
What is the highest common factor of 684 and 57?
57
Calculate the highest common factor of 9514 and 134.
134
Calculate the highest common factor of 125 and 5.
5
Calculate the highest common factor of 3939 and 39.
39
What is the greatest common divisor of 3 and 12?
3
Calculate the highest common divisor of 1258 and 68.
34
What is the highest common divisor of 8 and 1712?
8
Calculate the highest common factor of 49 and 2982.
7
Calculate the highest common factor of 36 and 46.
2
What is the greatest common divisor of 54 and 180?
18
Calculate the greatest common divisor of 636 and 216.
12
What is the highest common factor of 52 and 260?
52
Calculate the highest common divisor of 76 and 874.
38
Calculate the highest common factor of 2015 and 1085.
155
Calculate the highest common divisor of 4490 and 320.
10
Calculate the highest common factor of 1813 and 294.
49
What is the greatest common divisor of 243 and 135?
27
Calculate the highest common factor of 224 and 140.
28
Calculate the highest common divisor of 1817 and 253.
23
What is the highest common divisor of 4 and 12?
4
What is the greatest common divisor of 118 and 1003?
59
Calculate the highest common divisor of 8642 and 447.
149
What is the greatest common divisor of 357 and 336?
21
What is the greatest common factor of 161 and 6923?
161
What is the highest common factor of 52 and 416?
52
Calculate the highest common divisor of 78 and 42.
6
What is the highest common factor of 3150 and 4?
2
What is the greatest common divisor of 105 and 12?
3
Calculate the highest common divisor of 1177 and 121.
11
What is the highest common divisor of 975 and 39?
39
Calculate the highest common divisor of 36 and 124.
4
What is the greatest common divisor of 1881 and 99?
99
What is the greatest common factor of 552 and 483?
69
What is the highest common factor of 75 and 2010?
15
What is the highest common factor of 68 and 2278?
34
Calculate the highest common factor of 2735 and 20.
5
Calculate the highest common divisor of 11 and 187.
11
Calculate the highest common factor of 15 and 1245.
15
What is the highest common divisor of 10 and 32210?
10
Calculate the greatest common factor of 8406 and 36.
18
What is the greatest common factor of 184 and 23?
23
What is the greatest common factor of 98 and 4?
2
What is the greatest common divisor of 6371 and 23?
23
Calculate the greatest common divisor of 101 and 1919.
101
Calculate the highest common divisor of 3366 and 11.
11
What is the highest common factor of 4029 and 204?
51
What is the highest common factor of 14 and 994?
14
What is the highest common divisor of 72 and 180?
36
Calculate the greatest common divisor of 1450 and 50.
50
What is the greatest common factor of 30296 and 7?
7
What is the highest common factor of 1775 and 781?
71
Calculate the greatest common factor of 32 and 4.
4
What is the greatest common factor of 693 and 66?
33
What is the greatest common divisor of 1536 and 4992?
384
What is the greatest common divisor of 78 and 234?
78
What is the highest common factor of 2223 and 114?
57
Calculate the highest common divisor of 225 and 18750.
75
Calculate the greatest common factor of 11 and 1.
1
Calculate the greatest common divisor of 39 and 67.
1
Calculate the greatest common factor of 35 and 189.
7
What is the greatest common divisor of 840 and 3192?
168
What is the greatest common factor of 52 and 390?
26
What is the highest common factor of 3 and 39?
3
Calculate the greatest common factor of 132 and 4664.
44
What is the greatest common divisor of 2366 and 140?
14
What is the highest common factor of 686 and 294?
98
Calculate the highest common divisor of 651 and 21.
21
What is the highest common factor of 920 and 120?
40
Calculate the greatest common factor of 57 and 608.
19
What is the greatest common divisor of 3768 and 48?
24
Calculate the highest common divisor of 660 and 1020.
60
Calculate the greatest common divisor of 25 and 6025.
25
What is the greatest common divisor of 104 and 1508?
52
What is the highest common factor of 341 and 1147?
31
Calculate the highest common factor of 85998 and 66.
66
Calculate the greatest common divisor of 189 and 252.
63
What is the greatest common divisor of 82 and 5002?
82
What is the highest common divisor of 12 and 4844?
4
Calculate the highest common divisor of 384 and 1044.
12
Calculate the highest common factor of 6 and 75.
3
What is the greatest common factor of 1155 and 84?
21
Calculate the greatest common factor of 25 and 1.
1
What is the greatest common factor of 10 and 3110?
10
Calculate the highest common divisor of 1029 and 21.
21
Calculate the highest common factor of 21400 and 20.
20
Calculate the highest common divisor of 84 and 609.
21
Calculate the highest common factor of 6579 and 306.
153
What is the greatest common factor of 155 and 1?
1
Calculate the highest common factor of 28 and 7238.
14
Calculate the greatest common factor of 145 and 1073.
29
Calculate the highest common divisor of 105 and 168.
21
Calculate the greatest common divisor of 154 and 3982.
22
What is the highest common factor of 1125 and 1350?
225
What is the highest common divisor of 369 and 41?
41
What is the highest common divisor of 50780 and 20?
20
What is the greatest common divisor of 10 and 495?
5
What is the highest common divisor of 1216 and 32?
32
What is the highest common factor of 3168 and 99?
99
Calculate the greatest common divisor of 854 and 1586.
122
What is the highest common factor of 69 and 11247?
69
What is the highest common factor of 476 and 272?
68
What is the greatest common factor of 427 and 3721?
61
Calculate the greatest common factor of 517 and 11.
11
Calculate the greatest common divisor of 2834 and 26.
26
What is the greatest common divisor of 132 and 627?
33
Calculate the greatest common divisor of 382 and 5921.
191
What is the greatest common factor of 192 and 3000?
24
What is the highest common factor of 518 and 28?
14
What is the greatest common divisor of 234 and 1482?
78
What is the greatest common factor of 649 and 118?
59
Calculate the greatest common factor of 15 and 645.
15
Calculate the greatest common divisor of 7923 and 57.
57
Calculate the highest common divisor of 54 and 4464.
18
What is the greatest common divisor of 96 and 6?
6
Calculate the greatest common divisor of 18 and 39.
3
What is the highest common factor of 128 and 544?
32
What is the greatest common divisor of 7291 and 69